{"id":17,"date":"2022-03-16T11:06:11","date_gmt":"2022-03-16T10:06:11","guid":{"rendered":"http:\/\/lsgestionadministrative.com\/?page_id=17"},"modified":"2025-01-10T22:00:00","modified_gmt":"2025-01-10T21:00:00","slug":"formation-bureautique","status":"publish","type":"page","link":"https:\/\/lsgestionadministrative.com\/index.php\/formation-bureautique\/","title":{"rendered":"Formation"},"content":{"rendered":"\n<p><\/p>\n\n\n\n<p><strong>Organisme de formation<\/strong> agr\u00e9\u00e9 comme <strong>formateur<\/strong> ind\u00e9pendant, je dispense des <strong>formations bureautiques<\/strong> et <strong>digitales<\/strong>, des <strong>formations \u00ab\u00a0m\u00e9tier<\/strong>\u00a0\u00bb dans le cadre du plan de formation ou un milieu scolaire : <\/p>\n\n\n\n<p class=\"has-text-color has-link-color wp-elements-157d1891382ab1bd2984811e717a7f20\" style=\"color:#59dc5bcc\"><strong>formations bureautiques \/ digitales <\/strong><\/p>\n\n\n\n<figure class=\"wp-block-image size-large is-resized\"><a href=\"https:\/\/lsgestionadministrative.com\/index.php\/formation-bureautique\/formations-bureautiques-digitales\/\" target=\"_blank\" rel=\" noreferrer noopener\"><img loading=\"lazy\" decoding=\"async\" width=\"1024\" height=\"683\" src=\"https:\/\/lsgestionadministrative.com\/wp-content\/uploads\/2025\/01\/pexels-john-tekeridis-21837-249535-1024x683.jpg\" alt=\"\" class=\"wp-image-544\" style=\"width:180px;height:auto\" srcset=\"https:\/\/lsgestionadministrative.com\/wp-content\/uploads\/2025\/01\/pexels-john-tekeridis-21837-249535-1024x683.jpg 1024w, https:\/\/lsgestionadministrative.com\/wp-content\/uploads\/2025\/01\/pexels-john-tekeridis-21837-249535-300x200.jpg 300w, https:\/\/lsgestionadministrative.com\/wp-content\/uploads\/2025\/01\/pexels-john-tekeridis-21837-249535-768x512.jpg 768w, https:\/\/lsgestionadministrative.com\/wp-content\/uploads\/2025\/01\/pexels-john-tekeridis-21837-249535-1536x1024.jpg 1536w, https:\/\/lsgestionadministrative.com\/wp-content\/uploads\/2025\/01\/pexels-john-tekeridis-21837-249535-2048x1365.jpg 2048w, https:\/\/lsgestionadministrative.com\/wp-content\/uploads\/2025\/01\/pexels-john-tekeridis-21837-249535-225x150.jpg 225w\" sizes=\"auto, (max-width: 1024px) 100vw, 1024px\" \/><\/a><\/figure>\n\n\n\n<p><\/p>\n\n\n\n<p class=\"has-text-color has-link-color wp-elements-e521fa12f3810ee42bb45abc983d1589\" style=\"color:#59dc5bcc\"><strong>formations sp\u00e9cifiques m\u00e9tier<\/strong><\/p>\n\n\n\n<figure class=\"wp-block-image size-large is-resized\"><a href=\"https:\/\/lsgestionadministrative.com\/index.php\/formation-bureautique\/formations-specifiques-metier\/\"><img loading=\"lazy\" decoding=\"async\" width=\"1024\" height=\"683\" src=\"https:\/\/lsgestionadministrative.com\/wp-content\/uploads\/2025\/01\/pexels-pnw-prod-8250939-1024x683.jpg\" alt=\"\" class=\"wp-image-542\" style=\"width:183px;height:auto\" srcset=\"https:\/\/lsgestionadministrative.com\/wp-content\/uploads\/2025\/01\/pexels-pnw-prod-8250939-1024x683.jpg 1024w, https:\/\/lsgestionadministrative.com\/wp-content\/uploads\/2025\/01\/pexels-pnw-prod-8250939-300x200.jpg 300w, https:\/\/lsgestionadministrative.com\/wp-content\/uploads\/2025\/01\/pexels-pnw-prod-8250939-768x512.jpg 768w, https:\/\/lsgestionadministrative.com\/wp-content\/uploads\/2025\/01\/pexels-pnw-prod-8250939-1536x1024.jpg 1536w, https:\/\/lsgestionadministrative.com\/wp-content\/uploads\/2025\/01\/pexels-pnw-prod-8250939-2048x1365.jpg 2048w, https:\/\/lsgestionadministrative.com\/wp-content\/uploads\/2025\/01\/pexels-pnw-prod-8250939-225x150.jpg 225w\" sizes=\"auto, (max-width: 1024px) 100vw, 1024px\" \/><\/a><\/figure>\n\n\n\n<p><\/p>\n\n\n\n<p class=\"has-text-color has-link-color wp-elements-eb88e55a0b109ed4f317befc50694725\" style=\"color:#59dc5bcc\"><strong>intervention en milieu scolaire<\/strong><\/p>\n\n\n\n<figure class=\"wp-block-image size-large is-resized\"><a href=\"https:\/\/lsgestionadministrative.com\/index.php\/formation-bureautique\/apprenant-en-milieu-scolaire\/\" target=\"_blank\" rel=\" noreferrer noopener\"><img loading=\"lazy\" decoding=\"async\" width=\"785\" height=\"1024\" src=\"https:\/\/lsgestionadministrative.com\/wp-content\/uploads\/2025\/01\/pexels-olia-danilevich-8093033-1-785x1024.jpg\" alt=\"\" class=\"wp-image-546\" style=\"width:176px;height:auto\" srcset=\"https:\/\/lsgestionadministrative.com\/wp-content\/uploads\/2025\/01\/pexels-olia-danilevich-8093033-1-785x1024.jpg 785w, https:\/\/lsgestionadministrative.com\/wp-content\/uploads\/2025\/01\/pexels-olia-danilevich-8093033-1-230x300.jpg 230w, https:\/\/lsgestionadministrative.com\/wp-content\/uploads\/2025\/01\/pexels-olia-danilevich-8093033-1-768x1002.jpg 768w, https:\/\/lsgestionadministrative.com\/wp-content\/uploads\/2025\/01\/pexels-olia-danilevich-8093033-1-1177x1536.jpg 1177w, https:\/\/lsgestionadministrative.com\/wp-content\/uploads\/2025\/01\/pexels-olia-danilevich-8093033-1-1570x2048.jpg 1570w, https:\/\/lsgestionadministrative.com\/wp-content\/uploads\/2025\/01\/pexels-olia-danilevich-8093033-1-115x150.jpg 115w, https:\/\/lsgestionadministrative.com\/wp-content\/uploads\/2025\/01\/pexels-olia-danilevich-8093033-1-scaled.jpg 1962w\" sizes=\"auto, (max-width: 785px) 100vw, 785px\" \/><\/a><\/figure>\n\n\n\n<p><\/p>\n\n\n\n<p style=\"font-size:18px\"><strong><em><strong><span style=\"color:#3745ad\" class=\"tadv-color\">Gagnez en efficacit\u00e9 en vous formant ! <\/span><\/strong><\/em><\/strong><\/p>\n\n\n\n<p><\/p>\n","protected":false},"excerpt":{"rendered":"<p>Organisme de formation agr\u00e9\u00e9 comme formateur ind\u00e9pendant, je dispense des formations bureautiques et digitales, des formations \u00ab\u00a0m\u00e9tier\u00a0\u00bb dans le cadre du plan de formation ou un milieu scolaire : formations <a class=\"more-link\" href=\"https:\/\/lsgestionadministrative.com\/index.php\/formation-bureautique\/\">Read More &#8230;<\/a><\/p>\n","protected":false},"author":1,"featured_media":0,"parent":0,"menu_order":40,"comment_status":"closed","ping_status":"closed","template":"","meta":{"footnotes":""},"class_list":["post-17","page","type-page","status-publish","hentry"],"aioseo_notices":[],"_links":{"self":[{"href":"https:\/\/lsgestionadministrative.com\/index.php\/wp-json\/wp\/v2\/pages\/17","targetHints":{"allow":["GET"]}}],"collection":[{"href":"https:\/\/lsgestionadministrative.com\/index.php\/wp-json\/wp\/v2\/pages"}],"about":[{"href":"https:\/\/lsgestionadministrative.com\/index.php\/wp-json\/wp\/v2\/types\/page"}],"author":[{"embeddable":true,"href":"https:\/\/lsgestionadministrative.com\/index.php\/wp-json\/wp\/v2\/users\/1"}],"replies":[{"embeddable":true,"href":"https:\/\/lsgestionadministrative.com\/index.php\/wp-json\/wp\/v2\/comments?post=17"}],"version-history":[{"count":25,"href":"https:\/\/lsgestionadministrative.com\/index.php\/wp-json\/wp\/v2\/pages\/17\/revisions"}],"predecessor-version":[{"id":557,"href":"https:\/\/lsgestionadministrative.com\/index.php\/wp-json\/wp\/v2\/pages\/17\/revisions\/557"}],"wp:attachment":[{"href":"https:\/\/lsgestionadministrative.com\/index.php\/wp-json\/wp\/v2\/media?parent=17"}],"curies":[{"name":"wp","href":"https:\/\/api.w.org\/{rel}","templated":true}]}}